 Calculate w(1).
-8
Suppose -114*k + 524 = 68. Let j(i) = i**3 - 7*i**2 + 3*i - 4. Determine j(k).
-40
Suppose 22 = 16*y + 6. Let f(x) = 33*x - y - 32*x - 11 + 3. What is f(4)?
-5
Suppose 2280*z = 2286*z + 54. Let c(o) = 2*o + 9. Give c(z).
-9
Let q(z) = 2*z**3 - 7*z**2 + 5*z - 13. Let v be q(4). Let r(u) = -u**3 + 23*u**2 + 3*u - 8. What is r(v)?
61
Let t(y) = 17*y + 2 + 5 - 16*y - 12. Calculate t(11).
6
Let h(p) be the third derivative of 0*p - 1/24*p**4 + 5 - 11/20*p**5 + 3*p**2 + 0*p**3. What is h(-1)?
-32
Let k = -52 - -61. Let i be 3/(-18)*-2*k. Let a(q) = -11 - 3*q + 0*q + i*q - 2*q. Determine a(-9).
7
Let b(t) = t**2 - 87*t + 1389. Let i be b(21). Let p(h) = 106*h - 316. Give p(i).
2
Let p(i) = i**3 - 66*i**2 + 75*i - 645. Let g be p(65). Let s(h) = -18*h + 67. Calculate s(g).
-23
Let s(d) = 8*d**3 - 2*d**2 + 1. Suppose -9*w + 75 = 6*w. Suppose -2 - 18 = w*g, -10 = 2*v + 3*g. Determine s(v).
7
Let k be (4 + -1 - 2) + 31. Suppose k*q = 24*q + 8. Let t(c) = -c**2 + 3 + 2*c**2 + c**3 - 4. Give t(q).
1
Let s(g) = -g**2 + 9*g - 16. Let u = 1 + 6. Let r be s(u). Let f be (-1)/(-1)*(-1 - (-8 - r)). Let x(z) = -3*z + 1. Determine x(f).
-14
Let t(l) = l**3 - 12*l**2 + 10*l + 2. Let s(v) = v**2 - v. Let a = -108 + 107. Let f(q) = a*t(q) - 5*s(q). Suppose -2*k + 0*k = -10. Calculate f(k).
23
Let i(b) = -b**3 - 2*b**2 + 5. Let q(g) = g**3 + 31*g + 2 - 32*g - 8 + g**2 + 1. Let f(v) = 7*i(v) + 6*q(v). Let m = -6 - 1. What is f(m)?
-2
Let o(k) = 39*k + 40*k - 73*k. Suppose 64 = r - 5*d - 7, d = -4*r + 221. Let n = r - 55. What is o(n)?
6
Let q(x) = -5*x**2 - 17*x + 4. Let p(l) = 6*l**2 + 22*l - 5. Let z(u) = -4*p(u) - 5*q(u). Determine z(0).
0
Let a = -2750 - -2755. Let d(p) = 2*p + 2. Let s(y) = -3*y - 5. Let b(j) = -5*d(j) - 3*s(j). Calculate b(a).
0
Let v be 90/15 - (1 - -6). Let p = 59 - 54. Let a(o) = 5*o**3 + 0*o**2 - o + o**3 - 2*o**2 - p*o**3. Calculate a(v).
-2
Let d(l) = -5*l**2 - 15*l - 28. Let m(a) = -3*a**2 - 10*a - 18. Let c(h) = -5*d(h) + 8*m(h). Determine c(9).
32
Let a = 0 + -7. Suppose 5*w + 7*w = 1524. Let d(x) = -x + 6*x - 130 + w + x**2. Calculate d(a).
11
Let f(t) be the third derivative of -t**5/60 - t**4/3 + 23*t**3/6 + 1444*t**2 - 1. Give f(-9).
14
Let m(v) be the second derivative of -v**5/20 + 2*v**4/3 - 7*v**3/3 + 9*v - 13. Determine m(6).
-12
Suppose 200 = -4*w - 0*f - 3*f, 2*f = 0. Let x be (32/3)/(w/(-12) + -4). Let p(k) = -9*k**2 + k**3 - 78*k + 150*k - x*k - 6. What is p(8)?
-6
Let v(c) = 1114*c + 1113*c - 2214*c + 84 + 28. What is v(-9)?
-5
Let w be 272/(-16)*(-4 - -3). Suppose -2*m + 11 + 0 = -q, -m - w = 4*q. Let z(v) = -v**2 - v + 6. Give z(q).
-14
Let d = 0 + 0. Let s be (d - 5)*16/20. Let t(x) = -28*x**3 + 15*x**2 - 36*x + 11. Let j(g) = 5*g**3 - 3*g**2 + 7*g - 2. Let k(v) = -11*j(v) - 2*t(v). Give k(s).
4
Let x(b) be the second derivative of -b**6/360 - 7*b**5/120 + b**4/24 - 127*b**3/6 - 6*b + 7. Let y(g) be the second derivative of x(g). What is y(-5)?
11
Let q(w) = 216*w + 652. Let b be q(-3). Let j(k) be the second derivative of 2/3*k**3 - 25*k - 1/12*k**b + 0 + 3*k**2. Give j(5).
1
Let p be (-3 - ((-20)/4 - -2))/(-1). Let k(n) = p + 4 - 3*n**2 + 0 - 4*n. Let c(x) = 5*x**2 + 9*x - 9. Let d(h) = 3*c(h) + 7*k(h). What is d(1)?
-6
Suppose 3*g - 12 = -3*i, 28*g = 27*g - 5*i + 24. Let y be (-8)/(-12)*9*(g + 2). Let b(o) = 8*o - 6. Calculate b(y).
42
Suppose -4*x - 3*b - 583 = 0, x - b + 207 - 56 = 0. Let t = x - -149. Let c(u) = 8*u**2 - 2*u + 2. Calculate c(t).
8
Suppose 0*w + 4*y + 15 = 3*w, y = 4*w - 7. Let v be w/6 + 1364/(-264). Let f(c) = -2*c**2 - 11*c - 1. Determine f(v).
4
Let r(y) = -7*y + 86 - 4*y**2 - 77 + 3*y**2. Let x be ((-1)/2)/(2/4). Let u = x + -6. Calculate r(u).
9
Let z = 138 - 144. Let m(u) be the first derivative of 3*u**2/2 - 4*u - 12. Let x(a) = -2*a + 3. Let f(d) = -3*m(d) - 4*x(d). Give f(z).
6
Let x(k) = 7*k**2 - k + 2. Let a(r) = -9*r**2 + r - 1. Let g(z) = 5*a(z) + 6*x(z). Let y(o) be the first derivative of g(o). Let w = 6 - 4. What is y(w)?
-13
Suppose -z + 5*c + 166 = 2*z, -227 = -4*z + c. Suppose 51 - z = 2*k. Let n(y) = -5*y + 1. Give n(k).
16
Let m = -242 + 245. Suppose 5*w = l + 24, -w + 8 = m. Let f(a) = -10*a**2. Determine f(l).
-10
Let d(v) = 5*v**2 - 2*v + 2. Let o(s) = -21*s**2 + 11*s + 11. Let c(i) = 4*d(i) + o(i). Determine c(-4).
-9
Let h be (-4)/2*(221/26 + -10). Let o(c) be the second derivative of -c**5/20 + c**4/3 - c**3/2 - 10*c. Give o(h).
0
Let a(y) be the second derivative of y**5/20 + y**4/12 + y**3/2 - y**2/2 + y. Let d = -175 + 175. Let x be -5 - 3 - (-10 - d). Give a(x).
17
Suppose 9 + 23 = 8*n. Let u(f) = 4*f**3 - f**2 + f - 1. Let d(j) = 3*j**3 - 2*j**2. Let t(h) = n*u(h) - 5*d(h). Determine t(-5).
1
Let d be (-12)/27 - (11152/144)/17. Let q(s) = -2*s**3 - 16*s**2 - 24*s + 4. Calculate q(d).
-26
Suppose 8*w - 27 = 11*w. Let x be 24/w*6/(-4). Let y(z) = 5*z**2 - 14*z + 2. Let m(v) = -6*v**2 + 15*v - 1. Let r(a) = x*m(a) + 5*y(a). Determine r(5).
-19
Let n(s) = -s**3 - 11*s**2 - 2*s - 7. Let d = 130 - 20. Suppose -6*m - 4*m - d = 0. Calculate n(m).
15
Let x(z) = -2*z + 3. Let r(q) be the second derivative of -q**3/6 + q**2/2 + q. Let f(p) = -5*r(p) + 2*x(p). Let h = -9050 - -9043. What is f(h)?
-6
Let j(n) = -n**2 + 6*n - 3. Let b = 17 + -12. Suppose 32 = 5*z + 3*d + 15, 3*d + 7 = z. Suppose 2*r - a = -4*a + 18, -b*r - z*a + 38 = 0. What is j(r)?
-3
Let d(t) be the second derivative of t**4/12 - 5*t**3/3 - 4*t**2 - 3042*t. Give d(10).
-8
Let p be (-22)/(-3) + -5 + 17/3. Let b(a) = -4*a + 24*a - 9*a + 5*a**2 - a**3 + 1 - p*a. What is b(5)?
16
Let w be 18/(-12)*9/(-54). Let s(h) be the second derivative of 0 - 1/6*h**3 - 13*h - 1/2*h**2 + w*h**4. Give s(-2).
13
Let x(g) = g**3 - 4*g**2 - 4*g + 1. Let n = 70 - 66. Suppose -5*z + 30 = -n*s, 3*s + s + 20 = 0. Suppose z*l = -l + 15. Determine x(l).
6
Suppose -16651*s = -16735*s + 252. Let h(f) be the first derivative of -f**2 + 5*f + 1. Give h(s).
-1
Suppose 12*w - 1029 = 1359. Let g(r) = 9 - 4*r**2 - r**3 - 10*r**2 - 424*r + w*r + 213*r. Calculate g(-13).
-4
Let y(d) = -6*d**3 - 11*d**2 - 2*d + 3. Let r(a) = -a**3 - a**2. Let k(v) = 7*r(v) - y(v). Let u = -3 + 7. Calculate k(u).
5
Let h(w) = w**3 + 7*w**2 + 8*w + 2. Suppose -13*i = -12*i + 18. Let t = i + 21. Suppose 4*y + 24 = -5*f, 0*f + 12 = -2*y + t*f. Determine h(y).
-10
Let n(a) = -2*a**2 + 5*a + 9. Let d(l) = -10*l + 946. Let k be d(94). Give n(k).
-33
Let s(f) be the first derivative of -f**3/3 - 4*f**2 - 57. Suppose 4*q - 12 = 4*z, z + q + 2*q + 7 = 0. Let o be -1 + z/2 + -4. Calculate s(o).
7
Let h(a) = 11*a**2 - 245*a + 24. Let y(g) = 3*g**2 - 64*g + 6. Let p(x) = -6*h(x) + 23*y(x). Give p(2).
2
Let f(r) = -r**3 + 3*r**2 + 4*r - 7. Let g(b) = 77*b + 1468. Let a be g(-19). Give f(a).
-37
Let a(t) = -2*t - 6. Let k be -6 - (-14)/21*15. Suppose 4*q = 4*b - k, -9*b + 5*b - 3*q - 24 = 0. Determine a(b).
0
Suppose 0 = -2*i + 27 + 9. Suppose 0 = q + 4*l + 3, -i = -4*q - l. Let s(c) = 6*c**2 + 19 - 72 - c**3 + 17 + 16 - 5*c + 17. What is s(q)?
-3
Let z be (11/110)/((-10)/(-300)). Let h(i) be the first derivative of -i**4/12 + 3*i**2/2 - 1. Let y(r) be the second derivative of h(r). Give y(z).
-6
Let y(g) be the second derivative of 6*g + 1/6*g**3 + 3/2*g**2 + 11. What is y(-6)?
-3
Let d(x) be the second derivative of x**5/20 + x**4/2 - 3*x**3/2 - 8*x**2 - 430*x. Determine d(-7).
-2
Let x(l) be the third derivative of -19*l**5/15 - l**4/12 - l**3/3 - 1701*l**2. Determine x(-1).
-76
Let m(y) = y**2 + 3*y - 2. Let d = -20 + 25. Suppose -2*k + 6 = -c + 1, -d*k = 3*c + 15. Determine m(c).
8
Let f(s) = -14*s**2 - 69*s + 2. Let z be f(-5). Let g(k) = 1 - 2 + 166*k - 159*k. What is g(z)?
-22
Let o(p) = -p**3 + 15*p**2 + 19*p - 23. Suppose 2*r = -5*s + 74, -40*s - 2*r + 26 = -38*s. Calculate o(s).
25
Let i(m) = 469 - m**3 - 241 + 25*m - 294 + m**2. Let k be i(3). Let y(v) = -v**3 - 10*v**2 - 9*v - 12. What is y(k)?
-12
Let v(w) = -w**2 + 12*w - 12. Suppose -66 = 274*x - 285*x. Calculate v(x).
24
Let f = -3612 - -3617. Let m(j) = j**2 - 2*j. Let g(r) = r**2 - 2*r - 1. Let v(s) = 2*g(s) - 3*m(s). Determine v(f).
-17
Let h = -126 - -129. Suppose h*d = 5*q - 32, 17*d - 18*d - 24 = -5*q. Let w(t) = t**2 + 5*t + 1. What is w(q)?
37
Suppose 33*a + 464 = 62*a. Suppose 0 